+ 19 + -17?
-4
Calculate 2 + 2 + 26 + -37.
-7
-6 + 4 - (-4 - -1 - 1)
2
-5 + -2 + (-4 - -8) + -1
-4
Calculate -11 + (5 - (-1 - 0)).
-5
Calculate 5 - (7 + 4 + -12).
6
Evaluate 4 + 9 - 14 - (1 + 2).
-4
-11 + 6 + (6 - 5)
-4
What is 1 + (-4 - -1) + 5?
3
Evaluate -6 + 14 + -6 + 3.
5
Evaluate 3 - (-5 - 0 - -6).
2
What is 3 + (1 + (5 - 2) - 3)?
4
What is 4 - (-4 + -2 - -5)?
5
-1 + (-2 - (-3 - 0))
0
Calculate 7 - (-4 + (-4 - -10)).
5
Evaluate 13 - (7 + 2 - 4).
8
Evaluate -1 - 8 - (18 + -22).
-5
What is 3 - ((2 - 2) + 5)?
-2
What is 1 - -4 - (-9 + 15)?
-1
Calculate 7 + -4 - (7 - 4).
0
11 + -7 + (-3 - 0) + 5
6
Evaluate (2 - 6 - (-1 + 1)) + 2.
-2
(-2 - 0) + -2 - (56 - 57)
-3
Calculate -23 + 20 - (-3 + -2).
2
Evaluate 6 - (-2 + (-1 - -2)) - 2.
5
0 + (-1 - -4) - -1
4
Evaluate 0 + (12 - (13 - 4)).
3
What is 6 + (0 - 5 - -3)?
4
Calculate 0 + 2 + -3 - -2.
1
Calculate (-5 - (7 - 5)) + 5.
-2
What is 3 - (-2 + 2 + 1 + -2)?
4
What is -4 + 0 + (12 - (20 + -9))?
-3
What is the value of 1 - (-4 - (3 - 5))?
3
What is the value of 0 - (-3 - (-16 + 7))?
-6
What is 6 + 3 + -7 + 3 - 15?
-10
What is 9 + 0 - (58 + -52)?
3
4 - (7 - 10 - -14)
-7
What is the value of -4 + -4 + 4 + (1 - -1)?
-2
(-4 + 2 - -7) + (2 - 10)
-3
Calculate -2 + -1 + (-3 - -4).
-2
4 + 8 - 10 - 9
-7
-17 + 12 + (-3 - -9) - 6
-5
Evaluate -5 + -3 + 1 + 5.
-2
Evaluate 0 + (3 - (-2 - -4) - 3).
-2
What is the value of 5 + (0 - 4) + 1?
2
What is -6 + (14 - 6) - (8 + -3)?
-3
(4 - (11 + -8)) + 3
4
(0 - 0) + -4 - -6
2
(2 - 2) + 2 - (30 + -34)
6
Calculate 0 + 7 - (-15 + (-1 - -31)).
-8
Evaluate -6 + 1 + (9 - 4).
0
What is 25 + -20 + (-1 - 0 - 3)?
1
What is 42 + -38 + (1 - 0) + -1?
4
(16 - 1) + 62 + -68
9
What is the value of 2 + -4 + (-5 - -4) + 1?
-2
2 + 5 + -3 + -5
-1
What is -1 + -1 + (17 - 20)?
-5
What is -6 + 2 + 2 - 5?
-7
Evaluate -5 - (-8 - (14 - 8)).
9
What is (0 - 1) + (-20 - -26)?
5
(7 - (-2 + 6)) + (12 - 10)
5
What is the value of 3 + 0 + 2 + (-10 - -2)?
-3
What is the value of (1 - -1 - -5) + -5 + -1?
1
Calculate 2 - (5 - (8 + -5)).
0
2 - (6 - 11 - -3)
4
-2 + 12 + -3 + -1 - 1
5
(-7 - -7) + 0 + -1 + -4
-5
Calculate 51 - 55 - (2 - 4).
-2
Evaluate -2 + -7 + 4 - -5.
0
Calculate 17 + 2 + -21 - (5 + 1).
-8
What is the value of (1 - (9 + -2)) + 0 + 0?
-6
Evaluate -1 + -4 - (8 - 16).
3
Evaluate 7 + (-2 - 2) - 5.
-2
3 - 1 - (-2 - 0) - 1
3
Calculate 1 - (5 + -2) - -2.
0
-2 - (-12 + 19 + -10)
1
75 - 82 - (0 + -9)
2
(5 - 8) + -4 - -2
-5
-11 + (2 - -11) - (1 + 10)
-9
What is (-8 - -22) + -4 + -6 + 4?
8
What is (0 - 2) + -1 + -1 + 1?
-3
Evaluate (1 - 3 - 3) + 1.
-4
Calculate (-5 - (-3 - 4)) + -1.
1
24 + -23 + -11 + (2 - 1)
-9
What is (1 - 1 - 1) + -1?
-2
4 - 12 - (3 - 6)
-5
Evaluate 71 + -72 + 1 + -5.
-5
What is the value of (26 - 27) + (1 + 10 - 3)?
7
What is (8 + -3 - 0) + -3?
2
What is the value of -4 - (4 + -12 - 1)?
5
Calculate -3 + (8 - (-4 + 6 + 2)).
1
What is (6 - (2 + (6 - 10))) + -5?
3
Evaluate (11 - 26) + 7 - (1 - 3).
-6
Calculate 0 + -1 + 3 - (-43 - -46).
-1
Calculate 34 - 31 - (-3 - -1 - -4).
1
-22 - -13 - -20 - 5
6
What is 7 - (2 + 5) - -8 - 19?
-11
What is -14 + 5 + (1 - 2) + 2?
-8
Calculate 63 + -68 + 2 + 1.
-2
Calculate 2 - 1 - (-2 + 7 + -2).
-2
Calculate -3 - (-2 - (1 + -5)).
-5
What is the value of (-5 - -6) + 0 - -4?
5
Calculate (2 - -1) + 0 + -5 + 3.
1
What is the value of 6 + (5 - 4) + (1 - 4)?
4
Evaluate (8 - 15) + (-3 - -7).
-3
What is -8 - (-5 + -17 - -9)?
5
(-3 - (-1 - 3)) + 3
4
-9 + 2 - (-86 - -79)
0
What is (1 - (-1 - -7)) + 4 + 1?
0
Calculate -2 - ((3 + -3 - 7) + 1).
4
What is the value of 22 + -9 + 2 + -6?
9
What is -4 + -10 - -3 - -12?
1
-5 - ((6 - 4) + (5 - 3))
-9
What is 6 + (20 + -6 - 6) + -5?
9
What is 2 + (4 - 0) + 0 + -1?
5
What is the value of -9 - (5 + -10) - -11 - 5?
2
What is the value of -4 + (3 - (-3 + 6 - 8))?
4
-24 + 12 + -1 + 7
-6
Evaluate (4 - -1) + 2 - (0 - -4).
3
What is (2 - 9 - 7) + 10?
-4
Evaluate -3 + (-3 - (4 - 5)) - -1.
-4
Evaluate -5 + (10 + -7 - -4).
2
Calculate (7 - (15 + (-11 - -4))) + 1.
0
What is -3 + (6 - 8) + 5 + -1?
-1
Evaluate 3 - 1 - (-9 + (22 - 12)).
1
Evaluate -6 - 1 - (5 + -8).
-4
What is 0 + 1 + -5 - (-3 + 0)?
-1
What is the value of 5 - (10 + (-1 - 1))?
-3
What is 6 - 3 - (0 + 3)?
0
Evaluate -1 + (0 + (-5 - -7) - 3).
-2
What is the value of -4 + 4 + (4 - 0 - 3)?
1
Evaluate 4 + 0 + 0 - (-10 - -15).
-1
What is -3 + -1 + 3 - (-8 + 6)?
1
What is -1 - (-3 + -5 + 5)?
2
What is 5 - (2 - 5 - -6)?
2
What is the value of 9 + -6 + 4 + 2?
9
Calculate 0 + -2 + (0 - -2) + -5.
-5
What is the value of (0 - 3) + 5 + -6?
-4
What is 1 + (4 - 7 - -5)?
3
Evaluate (-21 - -16) + (2 - 0) + 6.
3
What is (-3 - (-6 + 3)) + -2?
-2
-7 + 2 + -1 - (-5 - -1)
-2
What is 16 + -13 + (9 - 5)?
7
What is the value of -2 + (3 - 1) - -4 - 2?
2
Evaluate -7 - (2 + -4 + -3) - -6.
4
(-4 - (5 + -8) - -8) + -2
5
What is -32 - -28 - (0 - -2) - -14?
8
6 + (-7 - (-11 + 5))
5
Evaluate -14 + 19 - (-5 + 2 - -13).
-5
Calculate -3 + (1 - -3 - 7).
-6
What is 5 - 2 - -11 - 8?
6
Calculate -1 + 3 + 1 + -8.
-5
What is -5 + (-2 - (-8 + 2))?
-1
35 + -38 + -1 + -1
-5
17 + -8 - (-1 - -6)
4
-5 + (-5 - -2 - -3)
-5
What is 0 - (13 + -6 + -2)?
-5
Evaluate -4 + (-2 - -4) - 4 - -3.
-3
Evaluate 2 + (1 - 3) - (28 - 25).
-3
What is the value of 3 + 3 + 2 + -4?
4
What is the value of -7 - (1 + -6 + -5)?
3
Evaluate -2 + (5 - (-10 + 6)).
7
What is the value of 3 + -6 + -1 + 4 - 1?
-1
Calculate -11 - (0 - -6 - 11).
-6
Evaluate -5 + 0 + (13 - (10 + -8)).
6
What is the value of -12 + (-10 + 18 - -6)?
2
Calculate 5 + -6 + -1 + 6.
4
Evaluate -3 + 6 + (-6 - -3).
0
-4 - -1 - (-6 + 14 - 18)
7
5 + -4 + 6 + -5 - -3
5
Evaluate -1 - -1 - 1 - (-6 - -1).
4
Evaluate -6 + 5 + 2 + -1.
0
What is the value of (-3 - -2) + 4 + 2 - 0?
5
-2 + -1 + 3 + (-3 - -1)
-2
Calculate 5 + (-5 - (-5 - (3 - 5))).
3
What is the value of (10 - 1) + 6 + -13?
2
(0 - -6) + (9 - 10) + 2
7
What is 12 - (-10 - (11 - 41))?
-8
13 + -15 + (3 - 6)
-5
(-4 - -2 - 6) + 4
-4
(-1 + (0 - -2) - -3) + -8
-4
What is the value of 0 + 1 + 0 + 1 + -2?
0
What is -7 + -3 + 16 - 6?
0
Evaluate (0 - (0 + 5)) + (-23 - -26).
-2
Evaluate -5 - (-12 + 6 + -1) - 10.
-8
2 + -1 + -17 + 24
8
Evaluate -23 - -25 - (-1 - 1).
4
What is -9 + 12 + -6 + -4?
-7
Calculate 1 - 1 - -6 - (-85 + 88).
3
Evaluate (-5 - (-3 - 6)) + -8 + 2.
-2
What is (5 - 10 - -4) + -4?
-5
(5 - 3) + (3 - -8) + -4
9
Calculate -2 - (6 + (-2 - (2 - 1))).
-5
Evaluate 175 + -192 - (1 - 12).
-6
Calculate 1 + (6 - (-3 - -3) - 12).
-5
What is the value of -4 + -2 + (9 - 11)?
-8
Calculate 1 - (30 + -28 + -1 + -6).
6
-5 + (-1 - -3) + -2
-5
Calculate 1 + -7 - ((-5 - 10) + 12).
-3
(2 - (-10 + 8)) + 2 + 4
10
Calculate -2 + 3 + -1 - 3 - -7.
4
What is the value of 2 - 0 - (-2 - -3)?
1
What is (1 - (-4 - -2)) + -1 + 0?
2
Calculate -7 - ((-6 - -1) + -4).
2
Calculate -2 + 0 + (-20 - -26) - 2.
2
Evaluate 0 + -10 + 18 - (-2 + 2).
8
What is (-4 - -4) + -5 + (5 - 3)?
-3
Calculate 0 - 0 - (-3 - 0).
3
What is the value of (-3 - -4) + 0 + 2 + -8?
-5
0 - (7 + -6 + (-4 - -7))
-4
-2 + (-2 - -6) + -1
1
What is 41 + -43 - (1 + 0)?
-3
What is -27 + 23 + 1 + -1?
-4
What is the value of -1 - -2 - ((3 - -1) + 0)?
-3
Calculate (0 + -7 - (21 + -27)) + 0.
-1
What is -4 + 0 - (-5 + -7 - -3)?
5
Calculate -3 + (4 - (-1 + 9)).
-7
What is the value of 5 - (-9 - -18) - -1?
-3
What is the value of 0 + -1 + (-18 + 39 - 9)?
11
What is 5 - 13 - 1 - -1 - -14?
6
What is 1 + (2 - -7) + -6 - 11?
-7
Evaluate -5 - (-16 - ((4 - 2) + -6)).
7
Evaluate -6 + 10 + (2 - 2).
4
Calculate -2 + (4 - 3) + (1 - 2).
-2
What is 20 + -5 + -14 + (-1 - 4)?
-4
What is the value of -1 + -2 + 2 - -1?
0
Evaluate -7 + (7 + 7 + -6 - 5).
-4
Evaluate (-6 - 0) + (38 - 29) - 4.
-1
What is the value of -3 - (-10 - (0 - 2))?
5
-6 + (2 - -1 - 1)
-4
10 - (10 - 4) - 7
-3
Calculate 13 + -29 - (-1 - 13).
-2
Evaluate (2 - (3 - -2)) + (2 - 2).
-3
What is the value of (18 - (-4 + 14)) + -5 + 1?
4
Evaluate -11 + (21 - (1 - -4)).
5
Calculate 0 + -2 - (-57 - -53).
2
-2 + 1 + 3 + 0 + -2
0
(-2 - -3) + (0 - (-1 + -2))
4
Calculate 1 + 7 + -20 + 12.
0
(1 - 9) + 128 + -120
0
What is 1 + (-1 - -3 - (-7 + 4))?
6
Calculate 4 - ((6 - 2) + (-5 - -11)).
-6
What is (20 + -5 - 15) + -1?
-1
Evaluate 1 + 6 + (-18 - -16).
5
Calculate 4 + -6 + (3 - 4).
-3
1 + 7 + (-2 - 3 - 0)
3
5 - (12 + 4 + -9)
-2
What is the value of -5 - -2 - (